 2*z, y = 5*z + 28. Let s = 58 - y. List the prime factors of s.
2, 5
List the prime factors of ((-12)/5)/((84/920)/(-7)).
2, 23
Suppose 3*h = -2*u - 28, -u = h - 4*u + 24. Let d = h - -17. Let t = d + 3. What are the prime factors of t?
2
Suppose -2*s = -65 - 43. Suppose -s = -4*x + 14. What are the prime factors of x?
17
Suppose -3*g + 5*y + 360 = 2*y, -4*g + 459 = 3*y. Suppose 0 = 4*l - l - g. List the prime factors of l.
3, 13
Suppose 6*u = u + 135. What are the prime factors of u?
3
Let u be 0/(9/3) + 4. Suppose 0 = -5*i - 3*m, u*m = -11 - 9. Suppose -3*z + 18 = -4*o - 10, -z + 18 = i*o. What are the prime factors of z?
2, 3
Let a = 128 + -188. Let t = -42 - a. List the prime factors of t.
2, 3
Let m(q) = q - 13. Let t be m(0). Let b = -7 - t. What are the prime factors of ((-2)/b)/(5/(-105))?
7
Let g = -12 - 9. Suppose 2*b - 93 + 27 = 0. Let q = b + g. What are the prime factors of q?
2, 3
Suppose 0 = 4*s + 34 - 6. Let i = s + 10. List the prime factors of 1/i - 44/(-3).
3, 5
Suppose 0 = -2*i - 2*i. Suppose 7*p - 3*p - 180 = i. List the prime factors of p.
3, 5
List the prime factors of (18/(-4))/(2/(-4)).
3
Suppose -1 = -3*w + 5*v, 3*w - 2 + 0 = 4*v. Suppose 2*t + w*t = 56. What are the prime factors of t?
2, 7
Let q(p) be the third derivative of -p**4/24 - p**3/6 + 3*p**2. Let l be q(-8). Suppose -5*i + l = 3*a, -5*a - i = -27 - 14. List the prime factors of a.
3
Let n be 0 + (-1 - (-2 + -3)). Let r = -2 + 2. Suppose r = -w + n*w - 12. What are the prime factors of w?
2
Let b(t) = t**2 - t. Let m be b(1). Let c be ((3 - m) + -5)*-2. Suppose h = -c*h + 100. List the prime factors of h.
2, 5
Suppose r + 1 = -7. Let w(d) = -d**3 + 3*d**2 + 5*d - 2. Let t be w(3). Let s = t + r. List the prime factors of s.
5
Suppose g - 8 = 4*c, 2*c - 5*c + 21 = -3*g. List the prime factors of 33/12 - 3/g.
3
Suppose 7*q = 3*q - 4, 6 = -2*u + 4*q. List the prime factors of (u/(-10))/((-2)/(-52)).
13
Let m be ((-17)/2 - -1)*-2. Suppose 6*d - m = d. Suppose 11 = d*o - 10. List the prime factors of o.
7
Let k be ((-37)/2)/(3/(-12)). Suppose 63 = 3*m - 5*u, -4*m - 2*u + k = -10. What are the prime factors of m?
3, 7
Let q be -1*(0 - (-3 - -1)). Let d be ((-3 + 3)/q)/2. Suppose -5*n + 3*g + 69 = d, 6*n + g - 57 = n. List the prime factors of n.
2, 3
Suppose -3*w - s = -552, -w + 61 = -2*s - 123. What are the prime factors of w?
2, 23
Let i = -33 - -66. What are the prime factors of i?
3, 11
Let i(m) = -m - 5. Let v be i(-5). Suppose p = -0*p + z + 24, -3*p - 4*z + 100 = v. What are the prime factors of p?
2, 7
Let y(z) = -z + 7. Let o be y(4). Let s be 1/(0 + 3/(-9)). List the prime factors of 3 + 0*s/o.
3
Let a(i) = 7*i - 19. Let g(w) = -w - 5. Let u(j) = -j. Let q(k) = 2*g(k) - 6*u(k). Let f(b) = -3*a(b) + 5*q(b). List the prime factors of f(-5).
2, 3
Suppose 0 = 3*p - 4 - 2. Suppose -2*f - 2*f + 12 = 4*a, -p*a + 2 = f. What are the prime factors of f?
2
Let b = -4 + 71. What are the prime factors of b?
67
Let k(o) = -o**3 - 8*o**2 - 6*o + 3. Let j be k(-7). List the prime factors of 15 + 3 + j - 2.
2, 3
Let i(a) = 12*a + 3. What are the prime factors of i(4)?
3, 17
Let u(g) = g - 1. Let n(t) = 4*t. Let z(m) = n(m) - 5*u(m). Suppose -1 - 5 = f. List the prime factors of z(f).
11
Let i(u) = u**3 - u - 2. Let a be i(-2). Let v(m) = -m**3 - 7*m**2 + 8*m - 1. Let g be v(a). List the prime factors of (g - -3)/(-3 - -4).
2
Let y(h) = 2*h**2 + 2*h - 12. What are the prime factors of y(-6)?
2, 3
Suppose -5*o - 2 = -4*o. List the prime factors of o/9 + (-336)/(-54).
2, 3
Let y(p) = p**3 - 7*p**2 + 4*p + 31. What are the prime factors of y(9)?
229
Let d(t) = 17*t**2 - t - 4. List the prime factors of d(2).
2, 31
Suppose 5*d + z = -44, 4*z - 3 - 1 = 0. What are the prime factors of d/(0 + (-9)/6)?
2, 3
Suppose 2*t = 3*t - 19. What are the prime factors of t?
19
Let u be (-1)/(2 - (-10)/(-4)). Suppose -u*p - 5*r - 17 - 8 = 0, 0 = p - 5*r - 25. Suppose -v - v + 22 = p. List the prime factors of v.
11
Let h = 6 + -2. Suppose -4*g - k = -g - 26, 0 = -h*g - k + 35. List the prime factors of g.
3
List the prime factors of 3388/99 + (-2)/9.
2, 17
Let h(j) = 7*j**3 - 3*j**2 + 2*j. What are the prime factors of h(2)?
2, 3
Let j = 6 + -4. Suppose -n - j = -2*n. What are the prime factors of n?
2
Let m(i) = i**3 + 5*i**2 + 7*i + 7. What are the prime factors of m(-3)?
2
Suppose 2*y - 139 = -4*l + 27, -15 = -3*y. List the prime factors of l.
3, 13
What are the prime factors of ((-110)/6)/(1/(-15))?
5, 11
Let p be (-1 - 1)*-1 - 1. Let l = -26 - -41. Let k = l + p. List the prime factors of k.
2
Let p = -6 - -16. Let l = p + 26. What are the prime factors of l?
2, 3
Let u = -52 - -36. Let c = -11 - u. Suppose 16 = 3*n - 0*y - 2*y, 5*n + c*y + 15 = 0. List the prime factors of n.
2
Let o be 615/(-9) + 4/(-6). Let l = -27 - o. Suppose -h + 12 = 4*a - 19, 2*h = -4*a + l. List the prime factors of h.
11
Let p(n) = 2*n**2 - 3*n + 2. Let x be p(2). Suppose l + 20 = 5*l, r - 10 = -x*l. Let w = r + 16. What are the prime factors of w?
2, 3
Let l = 1 - 0. Let i = l + 1. Let b = i - -1. List the prime factors of b.
3
Suppose 0 = 5*o - 26 + 6. Suppose 0 = -d - o*f + 36, d = f + 2*f + 64. List the prime factors of d.
2, 13
Suppose 5*p = -5*f - 170, 0 = 5*f - 4 + 24. What are the prime factors of (-4)/(-10) + (-318)/p?
11
Suppose 8 = 4*w - 0. Suppose -w*t + 16 = -8. List the prime factors of t.
2, 3
Suppose -2 = -3*j + 4. Let f be 3/j*(2 + 2). Suppose -5*d = -3*d - 2*o - 12, 5*d + o - f = 0. What are the prime factors of d?
2
Let x be 2/(-2 - 0)*0. Suppose -42 = -x*h - 2*h. List the prime factors of h.
3, 7
Let i(v) = -68*v - 2. List the prime factors of i(-1).
2, 3, 11
Suppose -h - 1 = 4, c + 3*h + 24 = 0. Suppose -2*a + 6*a = 76. Let o = c + a. List the prime factors of o.
2, 5
Let v = 33 + -26. What are the prime factors of v?
7
Let d = 13 + -8. What are the prime factors of d?
5
Let b(s) = -s**2 + 4*s + 2. Let x be b(4). Let i(u) = 2*u**3 - 2*u**2 - 2*u + 1. List the prime factors of i(x).
5
Suppose 2*h + h - 13 = -5*f, -h + 1 = 0. Suppose -f*a + 2*k = 7 - 47, -k + 60 = 4*a. What are the prime factors of a?
2
List the prime factors of 0/2 + (-235)/(-10)*2.
47
Let c(g) be the second derivative of g**3/6 + 8*g**2 - 4*g. What are the prime factors of c(0)?
2
Suppose 0*u = 5*c + 3*u + 15, -4*c - 5 = u. Suppose c = g - 2 + 12. Let y = g - -18. List the prime factors of y.
2
Let m be 10/(-4)*6/(-3). Let h = m - 1. What are the prime factors of h?
2
Let m(c) = -c - 4. Let z be m(-7). Let d(j) = -8 - j + 2*j + z. List the prime factors of d(7).
2
Let g(f) = -f - 3. Let d be g(-4). Suppose -j = -2 - d. Suppose -k = j - 17. What are the prime factors of k?
2, 7
Let s = 48 + -39. List the prime factors of s.
3
Suppose 0*z - 5*z + 20 = -3*u, 0 = 5*z + 4*u - 20. Suppose 0*v = -z*v. Suppose v = -2*x + 7*x - 20. What are the prime factors of x?
2
Let q(z) = z**3 + z**2 + 46. What are the prime factors of q(0)?
2, 23
Let i be -1 + 2 + (-2)/(-2). What are the prime factors of -1*i*36/(-8)?
3
Let l = 3 + -6. Let n = l - -6. Let x = n - -1. What are the prime factors of x?
2
Suppose -3*f + 24 = f. Let p = 7 - f. What are the prime factors of (-9)/p*12/(-18)?
2, 3
Let r = -955 - -319. List the prime factors of (r/36)/(2/(-6)).
53
Let w(n) be the third derivative of -n**5/60 - 7*n**4/24 + n**3/2 - 2*n**2. Let d(j) = -2*j + 4. Let k be d(5). What are the prime factors of w(k)?
3
Suppose 8*y = 5*y - 9. Let p be 2/(-4)*(-2 + 4). What are the prime factors of y/(p - 1/(-2))?
2, 3
Let b(i) = 3*i**2 + 24*i - 27. List the prime factors of b(-11).
2, 3
Let s = 21 - 19. Let w(o) = -o**2 + 15. Let l be w(0). Suppose s*z - 5*z = -l. List the prime factors of z.
5
Suppose 0 = -t + 3 + 2. Suppose 0 = c - 0*c. Suppose c = 3*a - t - 1. What are the prime factors of a?
2
Let k(n) = 7*n**2 - 1. Let p be k(1). Suppose -4*i + 128 = -2*g + p*g, -3*g + 76 = -i. List the prime factors of g.
3
Let p(b) = -b - 5. Let t be p(-7). Suppose 5*q - 5 - 15 = 0. Suppose t*a - 38 = -q*l, 27 - 6 = 3*a - 3*l. List the prime factors of a.
11
Suppose -5*v + 26 = -44. What are the prime factors of 1 - 1 - v/(-1)?
2, 7
Suppose l - 35 = -3. Suppose 0 = 4*m - 58 - 30. Let s = l - m. What are the prime factors of s?
2, 5
Let f = -7 - -47. What are t